 s - d + 4*s**2 + 4*s - s**3. Let f be r(5). Let m(p) = -9*p + 1. Determine m(f).
19
Let i(j) be the third derivative of -j**6/720 + j**5/8 + j**4/24 - j**3/3 + 14*j**2 + 5*j. Let o(s) be the second derivative of i(s). What is o(14)?
1
Let d(k) = 13*k - 6. Let a be d(2). Let l = a - 20. Suppose r - 6*r + 16 = 4*z, l = -5*r - 3*z + 17. Let q(u) = 2*u**2 - 6*u + 3. Give q(r).
11
Let b be 4/10 - (-159)/15. Suppose -b*r - 12 = -34. Let v(x) = -5*x**r + 0*x**3 - x + 0*x**3 + 6*x + x**3 - 6. Calculate v(4).
-2
Let n(k) = 6*k**2 - 30*k - 19. Let p(w) = 14*w**2 - 72*w - 38. Let a(b) = -9*n(b) + 4*p(b). Calculate a(6).
-17
Let k(f) = -f**2 + 23*f - 25. Let r = 1385 + -1364. Calculate k(r).
17
Let v(c) = -3*c - 1. Let k be (-19 - -20)*(0 + -1). Let z be (8/(8 + -4))/(k/2). Let j be 9/z*80/30. What is v(j)?
17
Let g(r) = 24*r + 4. Let f(j) = 170*j + 1190. Let y be f(-7). Determine g(y).
4
Suppose 3*b - 4*r = -9, -b - 3*r + 7 = -3*b. Let n(s) = -5 - 6 - 2*s + b + 7*s + 4. Determine n(5).
19
Let q be 25*27/45*1. Let a(m) = -25*m + 0*m**2 + 14*m + 5 - m**2 + q*m. Calculate a(6).
-7
Let y(s) be the third derivative of 0*s - 1/24*s**4 - 1/6*s**3 - 7/60*s**5 - 1/120*s**6 + 0 - 106*s**2. What is y(-7)?
6
Let v(i) = -358*i**2 - 3*i - 33. Let p(h) = -131*h**2 - h - 12. Let l(x) = -11*p(x) + 4*v(x). What is l(-2)?
38
Let j(v) = -v + 13. Let r be 4 - 8/(-4)*1. Let w(q) = q**2 - 4*q + 2. Let k be w(r). Suppose -4*m + 8*m = -4*n + 16, -k = -2*n + m. Give j(n).
7
Suppose 4*h = -y + 15 - 6, 0 = 2*h + y - 5. Let q be ((1 + -2)/h)/((-5)/340). Let s = q - 36. Let f(r) = r + 4. Give f(s).
2
Let g(a) = a**2 - 6*a + 2. Let z be 84/24*4/2. Let d be g(z). Let n(b) = b**2 - 8*b + 5. Give n(d).
14
Let c(u) be the first derivative of -u**4/4 - 6*u**3 - 8*u**2 + 20*u - 771. Determine c(-17).
3
Let u(b) = 24*b**2 - 188*b - 186. Let i be u(-1). Let y(f) = -f + 42. Calculate y(i).
16
Suppose -14*y + 12*y = -12. Let i(o) be the third derivative of -o**4/8 - o**3/2 - 5*o**2 + 76. What is i(y)?
-21
Let b(t) be the second derivative of 11/120*t**5 + 12*t + 5/3*t**3 + 1/360*t**6 + 0*t**2 + 0 + 1/4*t**4. Let m(j) be the second derivative of b(j). Give m(-4).
-22
Let i(t) = -18*t + 467. Let d(s) = -s - 1. Let o(r) = -2*d(r) + i(r). Determine o(29).
5
Let t be 2/(-6) + -13*184/(-6240). Let r(o) be the second derivative of 1/2*o**4 - 5/2*o**2 + o**3 - 3*o + 0 + t*o**5. Determine r(-5).
-10
Let k = 12 - 2. Let z(v) = 5*v**2 + 41*v - 17. Let i(o) = -81*o - 2*o**2 + 5*o**2 + 103*o - 9. Let s(f) = -7*i(f) + 4*z(f). Give s(k).
-5
Let b = -2 + 9. Let o(m) be the first derivative of m**3/3 - 4*m**2 + 4*m - 208. Determine o(b).
-3
Let b be ((-98)/(-3))/(-7) + 6 + 0. Let s(a) be the second derivative of 0 + 9/2*a**2 + 1/12*a**4 + b*a**3 - a. Determine s(-6).
-3
Let x(j) = 207*j**2 - 404*j**2 + 21 + 199*j**2 - 14 - 3*j + j**3. Give x(-3).
7
Let l(a) = 17*a**2 + 4*a - 2. Let h(j) = -14*j**2 - 3*j - 1. Let i(y) = -6*h(y) - 5*l(y). Give i(-5).
1
Let i(a) = a**3 + 6*a**2 + 4*a - 2. Let f = -1773 - -923. Let t be 6/(-21) - f/35. Suppose 16 + t = -8*h. What is i(h)?
3
Suppose 5 + 10 = 3*f. Let g(i) = -i**2 + 8*i - 4. Let m(t) = 1 + 4*t**2 - 3*t**2 - 7*t - t + 2. Let s(r) = 4*g(r) + 3*m(r). Give s(f).
8
Let z(o) = 0*o**2 + 323 + 4299*o + o**3 + 316 + 2*o**2 - 4297*o - 639. Let p = 1 - 3. Determine z(p).
-4
Let l(y) = y**3 - 2*y**2 - 33*y - 9. Let d be l(7). Let i(t) = -2 - 2*t**2 + 27*t**2 - d*t - 17*t**2 + 4*t. Calculate i(2).
28
Let g(j) = -j + 16. Let x(p) = 2*p - 31. Let d be x(19). Let b be g(d). Let s(y) = y**2 - b*y + 0 + 10*y + 6*y**3 + 0. Determine s(-1).
-6
Suppose 0 = -5*d - 4*v - v - 20, 0 = -2*d - 5*v - 5. Let h(u) = -8*u**2 + 3089*u + 1. Let o(m) = -10*m**2 + 3705*m + 2. Let w(y) = 6*h(y) - 5*o(y). Give w(d).
1
Let r(j) be the third derivative of -j**4 + 5*j**3/6 - 22*j**2. Let h(q) = 9*q - 2. Let d(i) = -11*h(i) - 4*r(i). Calculate d(2).
-4
Let o = 67 + -27. Let r be 36*(32/66 - (-22)/121). Suppose o*u - 36*u = r. Let m(z) = z - 10. What is m(u)?
-4
Let q(s) = -s**2 - 2. Let b(a) = -a + 17. Let y be b(10). Suppose -2*n - 4 = 2*l, 0 = -3*n - 5 - y. Suppose i = l*k - 5 - 4, i + 3*k - 6 = 0. Give q(i).
-11
Let w(i) = i**2 - 10*i + 12. Suppose 19 = 19*g - 57. Suppose -g*p - 5*t + 17 = 0, p - 4*t = 19 + 1. What is w(p)?
-4
Let l(f) be the first derivative of f**4/12 + f**3/6 + 7*f**2/2 - 47*f - 30. Let m(h) be the first derivative of l(h). Determine m(0).
7
Let y(n) = n + 1. Let u(h) = -5*h - 14. Let k(z) = 3*z + 15. Let t be k(-3). Let m(i) = t*y(i) + u(i). Give m(13).
5
Suppose -33 = -18*j + 129. Let h(c) = -2*c**2 + 18*c - 3. Calculate h(j).
-3
Let g(x) = -78*x**2 + 85*x**2 - 7 - 5 + 2*x - 9*x**3 - 6*x + 8*x**3. Give g(6).
0
Let w = -254 - -259. Let m(g) = g**3 - 3*g**2 - 7*g - 17. Determine m(w).
-2
Let j(i) = 2*i. Let y = 325 - 289. Suppose -3*l = 2*n - 103, 2*l - 2*n = l + 45. Suppose l*m = y*m - 5. Give j(m).
-10
Let u(i) = -49*i**2 - 6*i + 10 + 46*i**2 + 2 + i**3. Let c be u(4). Let d(z) = -z**3 + 3*z**2 - 4*z + 5. What is d(c)?
-27
Let b = 229 - 226. Let l(i) = 7*i**3 + 6*i**3 + 6 - 7 - b*i**3 - 2*i**2 + 2*i. What is l(1)?
9
Let y be (-314)/(-10) - 42/105. Suppose 7*t - y + 136 = 0. Let b(a) = -a**3 - 14*a**2 + 14*a - 8. Give b(t).
7
Let a be (0 + -3)*246/(-18). Let k(j) = -9*j - 17*j + a*j - 2. Calculate k(2).
28
Let z(l) = -43 + 22*l + 18*l + 10*l - 57*l + 15*l. Determine z(5).
-3
Let u(c) = 2*c**2 - 2*c + 3. Let t be u(2). Let f(a) be the second derivative of 0 - 1/2*a**4 + 167*a + 1/20*a**5 - 5*a**2 - 2/3*a**3. Determine f(t).
11
Let o(s) = 3*s. Let z(g) be the third derivative of g**4/24 + 71*g**2. Let v(t) = -o(t) + 2*z(t). Determine v(-7).
7
Let m(l) = -2*l - 3. Let p(x) = -5*x - 16. Let o(u) = -4*m(u) + p(u). Let a(f) = 6*f - 35. Let d be a(7). Give o(d).
17
Suppose m - 3*z = -1, 2*z - 13 + 16 = -3*m. Let h(d) = 3*d**2 - d - 1. Let u(o) = -17*o**2 + 4*o + 4. Let a(r) = m*u(r) - 3*h(r). Calculate a(-1).
8
Let g(q) = 8*q**2 - 2*q + 5. Let r = 5160 - 5160. Calculate g(r).
5
Let d(j) be the third derivative of j**5/60 + j**4/6 + 7*j**3/3 + 2*j**2 + 101. Calculate d(-8).
46
Let q be (0/(-5))/((-1)/(-1)). Suppose -f = -6 - q. Let i(a) = -3 + 2181*a**2 - 722*a**2 - 730*a**2 + 5*a - 730*a**2. Calculate i(f).
-9
Let r be -3 - (-2 + -8 - 1). Suppose 27 = r*s + 3. Let y(t) = t**3 - 5*t + s*t**2 + 1 + t + 2 - t**2. Give y(2).
11
Let x(u) be the third derivative of -u**7/840 + 13*u**6/360 - u**5/10 - u**4/8 - 9*u**3/2 + 63*u**2. Let v(a) be the first derivative of x(a). What is v(12)?
-3
Let d be 2/(-4) + (-221)/(-26). Let o(k) = -13*k + 7*k + d*k + 1 + k**2 + 11*k**3. Calculate o(-1).
-11
Let l(j) = j**2 - 4*j - 3. Let c be l(-1). Let i(b) = 9*b - 217 - 3*b**2 + 4*b**c + 222. Give i(-8).
-3
Let c(t) be the first derivative of -79 + 5/3*t**3 - 3*t - 1/4*t**4 + 7*t**2. Give c(7).
-3
Let t(l) = -4*l**2. Suppose 3*g + 2 = 2*h, 3*h + 60*g - 22 = 55*g. Determine t(h).
-64
Let g(x) = -x**2 - 10*x + 7. Let b(f) = -2*f**2 - 30*f + 20. Let k(d) = 3*b(d) - 8*g(d). Calculate k(4).
-4
Let z(x) be the second derivative of 14*x + 0 + 1/6*x**3 - 1/24*x**4 + 1/60*x**5 - 3*x**2. Let p(f) be the first derivative of z(f). Calculate p(0).
1
Let w(a) be the first derivative of 57*a + 3/2*a**2 - 317. What is w(-18)?
3
Let y(x) = 2*x**3 - 1783*x + 898*x - 3*x**2 - 1 + 882*x. Give y(3).
17
Let i(x) = -133*x - 11. Let u(s) = 50*s + 4. Let q(r) = 3*i(r) + 8*u(r). Give q(6).
5
Let d(n) = 7*n + 1. Suppose -3 = 3*g - 0. Let p be d(g). Let j(w) = 4*w - 15. Let b(x) = x - 5. Let v(z) = 10*b(z) - 3*j(z). Determine v(p).
7
Let h be -6 + ((-23)/(276/(-40)) - (-5 - -2)). Let m(o) be the third derivative of -1/6*o**3 + 6*o**2 + 0*o + 0 + 1/60*o**5 - h*o**4. Give m(6).
-13
Let l(x) = x**2 - 50*x + 184. Let u be l(46). Let w(n) be the third derivative of 0 + u*n - 19*n**2 + 7/24*n**4 + 0*n**3. Determine w(-1).
-7
Let a(x) = -x**3 - x + 4. Let h(n) = 3*n**3 - 13*n**2 + 5*n - 3. Let w(f) = 4*a(f) + h(f). Suppose -4*p + 59 = -3*y, 9 = -4*p + 29. What is w(y)?
0
Let v(g) = 0 - 6 + 5. Let u(o) = -o**2 + 10*o + 6. Let m(b) = u(b) + 2*v(b). Suppose 2*y + 54 = 4*p + 16, 27 = 3*p - 3*y. Determine m(p).
4
Let c(w) = 2*w**3 - 11*w**2 + 5*w + 4. Let a(o) = -7*o**2 + 5*o + 5. Let g be a(0). Give c(g).
4
Let w(h) = -h**3 + h + 4. Let s(d) = 